{"id":1069,"date":"2026-01-13T15:38:28","date_gmt":"2026-01-13T14:38:28","guid":{"rendered":"https:\/\/wd4u.fr\/?page_id=1069"},"modified":"2026-02-13T16:40:41","modified_gmt":"2026-02-13T15:40:41","slug":"wifi-design-4-usages","status":"publish","type":"page","link":"https:\/\/wd4u.fr\/?page_id=1069","title":{"rendered":"Wifi Design 4 Usages"},"content":{"rendered":"\n<p><strong>Wifi Design 4 Usages (WD4U)<\/strong> con\u00e7oit et optimise des r\u00e9seaux filaires et Wi-Fi professionnels orient\u00e9s usages m\u00e9tiers.<\/p>\n\n\n\n<p>De l\u2019audit \u00e0 l\u2019exploitation, <strong>WD4U<\/strong> garantit performance, s\u00e9curit\u00e9 et fiabilit\u00e9 gr\u00e2ce \u00e0 une expertise terrain et des outils de r\u00e9f\u00e9rence comme <\/p>\n\n\n\n<p>Ekahau, Netally, Sidos, Hamina,Veex.<\/p>\n\n\n\n<div class=\"wp-block-buttons is-layout-flex wp-block-buttons-is-layout-flex\">\n<div class=\"wp-block-button\"><a class=\"wp-block-button__link wp-element-button\" href=\"https:\/\/wd4u.fr\/?page_id=66\">Nos formations<\/a><\/div>\n\n\n\n<div class=\"wp-block-button is-style-primary\"><a class=\"wp-block-button__link wp-element-button\" href=\"https:\/\/wd4u.fr\/?page_id=85\">Audit &amp; Expertise<\/a><\/div>\n\n\n\n<div class=\"wp-block-button\"><a class=\"wp-block-button__link wp-element-button\" href=\"https:\/\/wd4u.fr\/?page_id=253\">Nos partenaires<\/a><\/div>\n\n\n\n<div class=\"wp-block-button is-style-primary\"><a class=\"wp-block-button__link wp-element-button\" href=\"https:\/\/wd4u.fr\/?page_id=183\">Contactez nous<\/a><\/div>\n<\/div>\n\n\n\n<p><strong>WD4U \u2013 Des r\u00e9seaux fiables, pr\u00eats pour demain.<\/strong><\/p>\n\n\n\n<p>D\u00e9crivez votre projet de connectivit\u00e9 (Wi-Fi, LAN, Fibre, SD-WAN, IPTV, t\u00e9l\u00e9phonie IP, affichage dynamique\u2026).<br><a href=\"https:\/\/wd4u.fr\/?page_id=996\" data-type=\"page\" data-id=\"996\">Un expert WD4U vous contactera rapidement.<\/a><\/p>\n","protected":false},"excerpt":{"rendered":"<p>Wifi Design 4 Usages (WD4U) con\u00e7oit et optimise des r\u00e9seaux filaires et Wi-Fi professionnels orient\u00e9s usages m\u00e9tiers. De l\u2019audit \u00e0 l\u2019exploitation, WD4U garantit performance, s\u00e9curit\u00e9 et fiabilit\u00e9 gr\u00e2ce \u00e0 une expertise terrain et des outils de r\u00e9f\u00e9rence comme Ekahau, Netally, Sidos, Hamina,Veex. WD4U \u2013 Des r\u00e9seaux fiables, pr\u00eats pour demain. D\u00e9crivez votre projet de connectivit\u00e9&hellip;&nbsp;<a href=\"https:\/\/wd4u.fr\/?page_id=1069\" rel=\"bookmark\">Lire la suite &raquo;<span class=\"screen-reader-text\">Wifi Design 4 Usages<\/span><\/a><\/p>\n","protected":false},"author":2,"featured_media":0,"parent":0,"menu_order":0,"comment_status":"closed","ping_status":"closed","template":"","meta":{"neve_meta_sidebar":"","neve_meta_container":"","neve_meta_enable_content_width":"","neve_meta_content_width":0,"neve_meta_title_alignment":"","neve_meta_author_avatar":"","neve_post_elements_order":"","neve_meta_disable_header":"","neve_meta_disable_footer":"","neve_meta_disable_title":"","footnotes":""},"class_list":["post-1069","page","type-page","status-publish","hentry"],"_links":{"self":[{"href":"https:\/\/wd4u.fr\/index.php?rest_route=\/wp\/v2\/pages\/1069","targetHints":{"allow":["GET"]}}],"collection":[{"href":"https:\/\/wd4u.fr\/index.php?rest_route=\/wp\/v2\/pages"}],"about":[{"href":"https:\/\/wd4u.fr\/index.php?rest_route=\/wp\/v2\/types\/page"}],"author":[{"embeddable":true,"href":"https:\/\/wd4u.fr\/index.php?rest_route=\/wp\/v2\/users\/2"}],"replies":[{"embeddable":true,"href":"https:\/\/wd4u.fr\/index.php?rest_route=%2Fwp%2Fv2%2Fcomments&post=1069"}],"version-history":[{"count":8,"href":"https:\/\/wd4u.fr\/index.php?rest_route=\/wp\/v2\/pages\/1069\/revisions"}],"predecessor-version":[{"id":1110,"href":"https:\/\/wd4u.fr\/index.php?rest_route=\/wp\/v2\/pages\/1069\/revisions\/1110"}],"wp:attachment":[{"href":"https:\/\/wd4u.fr\/index.php?rest_route=%2Fwp%2Fv2%2Fmedia&parent=1069"}],"curies":[{"name":"wp","href":"https:\/\/api.w.org\/{rel}","templated":true}]}}