{"id":253,"date":"2020-09-29T17:12:45","date_gmt":"2020-09-29T15:12:45","guid":{"rendered":"http:\/\/wd4u.fr\/?page_id=253"},"modified":"2026-03-12T19:18:26","modified_gmt":"2026-03-12T18:18:26","slug":"partenaires","status":"publish","type":"page","link":"https:\/\/wd4u.fr\/?page_id=253","title":{"rendered":"Partenaires"},"content":{"rendered":"\n<p>WD4U s\u2019appuie sur un r\u00e9seau de partenaires technologiques reconnus, \u00e9diteurs et constructeurs, afin de proposer des solutions performantes et durables. Nous vous garantissons un accompagnement expert et un haut niveau de service.<\/p>\n\n\n\n<div class=\"wp-block-columns is-layout-flex wp-container-core-columns-is-layout-9d6595d7 wp-block-columns-is-layout-flex\">\n<div class=\"wp-block-column is-layout-flow wp-block-column-is-layout-flow\">\n<figure class=\"wp-block-image size-large is-resized\"><a href=\"https:\/\/wd4u.fr\/?p=891\"><img decoding=\"async\" src=\"https:\/\/mlqjanej7qeb.i.optimole.com\/w:335\/h:71\/q:mauto\/f:best\/https:\/\/www.netally.com\/wp-content\/uploads\/2019\/05\/NetAlly-Logo-Primary-Color-SML-1.png\" alt=\"\" style=\"width:160px;height:auto\"\/><\/a><\/figure>\n<\/div>\n\n\n\n<div class=\"wp-block-column is-layout-flow wp-block-column-is-layout-flow\">\n<p><a rel=\"noreferrer noopener\" href=\"https:\/\/www.netally.com\/\" target=\"_blank\">https:\/\/www.netally.com<\/a> Les testeurs filaires et Wifi NetAlly aident les ing\u00e9nieurs et techniciens r\u00e9seaux \u00e0 mieux d\u00e9ployer, g\u00e9rer et maintenir leurs r\u00e9seaux op\u00e9rationnels .Monitoring Analysis Debugging Capturing Wifi 1G-10G portable<\/p>\n<\/div>\n<\/div>\n\n\n\n<div class=\"wp-block-columns is-layout-flex wp-container-core-columns-is-layout-9d6595d7 wp-block-columns-is-layout-flex\">\n<div class=\"wp-block-column is-layout-flow wp-block-column-is-layout-flow\">\n<figure class=\"wp-block-image size-large is-resized\"><img decoding=\"async\" src=\"https:\/\/www.ekahau.com\/wp-content\/uploads\/2020\/04\/ekahau-dark.svg\" alt=\"\" style=\"width:100px;height:auto\"\/><\/figure>\n<\/div>\n\n\n\n<div class=\"wp-block-column is-layout-flow wp-block-column-is-layout-flow\">\n<p><a href=\"https:\/\/www.ekahau.com\/\">https:\/\/www.ekahau.com<\/a> Ekahau Le leader mondial des outils de conception de r\u00e9seaux Wifi<\/p>\n<\/div>\n<\/div>\n\n\n\n<div class=\"wp-block-columns is-layout-flex wp-container-core-columns-is-layout-9d6595d7 wp-block-columns-is-layout-flex\">\n<div class=\"wp-block-column is-layout-flow wp-block-column-is-layout-flow\">\n<figure class=\"wp-block-image size-full is-resized\"><img loading=\"lazy\" decoding=\"async\" width=\"372\" height=\"376\" src=\"https:\/\/wd4u.fr\/wp-content\/uploads\/2024\/01\/image.png\" alt=\"\" class=\"wp-image-835\" style=\"width:104px;height:auto\" srcset=\"https:\/\/wd4u.fr\/wp-content\/uploads\/2024\/01\/image.png 372w, https:\/\/wd4u.fr\/wp-content\/uploads\/2024\/01\/image-297x300.png 297w\" sizes=\"auto, (max-width: 372px) 100vw, 372px\" \/><\/figure>\n<\/div>\n\n\n\n<div class=\"wp-block-column is-layout-flow wp-block-column-is-layout-flow\">\n<p><a href=\"http:\/\/sidos.com\" data-type=\"link\" data-id=\"sidos.com\">Sidos.com<\/a> construit des outils Wifi de qualit\u00e9 professionnelle, puissants, pr\u00e9cis, mais intuitifs et faciles \u00e0 utiliser. Nous sommes passionn\u00e9s par l&rsquo;am\u00e9lioration du fonctionnement du Wifi. Notre mission est d&rsquo;aider les professionnels du wifi \u00e0 r\u00e9soudre les d\u00e9fis Wifi difficiles, en \u00e9liminant les incertitudes et les t\u00e2ches sans valeur ajout\u00e9e du processus.<\/p>\n\n\n\n<p><a href=\"https:\/\/pages.sidos.com\/product-showcase\">Sidos Product Showcase<\/a><\/p>\n\n\n\n<p> <strong><a href=\"https:\/\/pages.sidos.com\/forget-everything-you-know-about-wi-fi-surveys?utm_campaign=36320010-Webinar%20022426&amp;utm_medium=email&amp;_hsenc=p2ANqtz--FBDe1ma4zurHa-5UwQQfSbyYlP4zUh_1W329XzYEq6LInA-dp8VJhwezzLBPnAsEo5UIAwvceZIOKWAjsdL1SVLRsOg&amp;_hsmi=404770602&amp;utm_content=404770602&amp;utm_source=hs_email\">D\u00e9couvrez les nouveaut\u00e9s, posez des questions et obtenez des r\u00e9ponses !<\/a><a href=\"https:\/\/pages.sidos.com\/product-showcase\"><br><\/a><\/strong><\/p>\n<\/div>\n<\/div>\n\n\n\n<div class=\"wp-block-columns is-layout-flex wp-container-core-columns-is-layout-9d6595d7 wp-block-columns-is-layout-flex\">\n<div class=\"wp-block-column is-layout-flow wp-block-column-is-layout-flow\">\n<figure class=\"wp-block-image size-large is-resized\"><img decoding=\"async\" src=\"https:\/\/wd4u.fr\/wp-content\/uploads\/2022\/04\/ofting-300x101.jpg\" alt=\"\" style=\"width:170px;height:auto\"\/><\/figure>\n<\/div>\n\n\n\n<div class=\"wp-block-column is-layout-flow wp-block-column-is-layout-flow\">\n<p><a href=\"https:\/\/itnetworks.softing.com\/fr\/\">https:\/\/itnetworks.softing.com\/fr\/<\/a> Un fabricant d&rsquo;\u00e9quipements de test et de mesure au plus haut niveau, pour la qualification des performances, la certification et la documentation de syst\u00e8mes complexes de c\u00e2blage informatique.<\/p>\n<\/div>\n<\/div>\n\n\n\n<div class=\"wp-block-columns is-layout-flex wp-container-core-columns-is-layout-9d6595d7 wp-block-columns-is-layout-flex\">\n<div class=\"wp-block-column is-layout-flow wp-block-column-is-layout-flow\">\n<figure class=\"wp-block-image size-large is-resized\"><img decoding=\"async\" src=\"https:\/\/oscium.com\/wp-content\/uploads\/2022\/10\/oscium-web-dark-logo.png\" alt=\"\" style=\"width:231px;height:auto\"\/><\/figure>\n<\/div>\n\n\n\n<div class=\"wp-block-column is-layout-flow wp-block-column-is-layout-flow\">\n<p><a href=\"https:\/\/oscium.com\/\">https:\/\/oscium.com<\/a> Analyseur de spectre des offres Wifi 6\/6E, y compris toutes les technologies Wifi h\u00e9rit\u00e9es.<br><a href=\"https:\/\/oscium.com\/products\/wipry-clarity\/\">WiPry Clarity<\/a>&nbsp;(analyseur de spectre Wi-Fi 2,2 &#8211; 7,25 GHz).<br>Le logiciel WiPry Clarity visualise toutes les activit\u00e9s sans fil sur toutes les bandes ISM<br>(2,4-2,5 GHz, 5,145-5,860 GHz et 5,925-7,125 GHz).<br>Les param\u00e8tres de mesure incluent 802.11b, 802.11g, 802.11n, 802.11ac, 802.11ax et 802.15.4 (ZigBee).<br>Oscium fournit un outil Wifi professionnel pour r\u00e9soudre tous vos probl\u00e8mes sans fil. Visualisez votre r\u00e9seau comme jamais auparavant.<\/p>\n<\/div>\n<\/div>\n\n\n\n<div class=\"wp-block-columns is-layout-flex wp-container-core-columns-is-layout-9d6595d7 wp-block-columns-is-layout-flex\">\n<div class=\"wp-block-column is-layout-flow wp-block-column-is-layout-flow\">\n<figure class=\"wp-block-image size-large is-resized\"><img decoding=\"async\" src=\"data:image\/png;base64,iVBORw0KGgoAAAANSUhEUgAAACAAAAAgCAYAAABzenr0AAAHXElEQVRYhcWXa5AU5RWGn6+758rM7O7scie73IMoAYMoJCIJEgiJkmjQFAGkQNQUSKViBc2FVFCDZRW5GBJCaamAVspS4g8JqVIpMKUgEaNRw0XuILDsspe57UzPTHd\/Jz96d8OwSxQrl\/ff91V3n7fOec95+ygRoRMWcCOwGJgCDACC\/GdQBpqAPcBGYAfgAiAiiEhMRFaJSJP899HUGSsmIiAiVudF6ZN+wXVFPE8kk\/Ukk\/U+DYlSZ0xLicgsYDPQv7fcua5w4LDD2XMebSmP9pTG0zD3piiPP5ujpVVz\/71VjBhqXW5ZmoFFFn7New0OsHNXkV9uyJLOahxHcFyhtsZk6uQQ2Zyw++0if94eYMXSBEpdFoH+wGIDX3C94oMDZdZvzNHc4uE4vlgtU+F5Qkde6FtrIAKHjzsUbLnUZ\/4dplj4au+BM40u657Mcuq0i2H4d1qDCBRsIZvTDOhnEo8ZeB54ngCXlwJggMUlWu3v+8rs\/9CpuLtiVIDRIwLUJQ1GDQ8w\/sogo0cEqKkyCAYuOzhAUIlIRe4cR9j1Vom6WoP395fZ9HwH51s1nx8X5AfLqsh1aNraPQYNtEjEFC+8VOBsk0vDEIuFt8UY2N+8LAY9CLy80+bR32YYMshk+eIEZUd4cVueebfEOHLcYeNzHeTymtnTI8y+McoDD7eTyQmmAdO+EObBldVUJYxPTKDiyfcPlNmwOUc6o9l30GH12jSptOaRH9cQCime2dJBe1rjONDSponHFJGwgaHAMmFEg8XpRpfX9xS7Rftx6G7epvMev3uqUnRtKY+WNo9MVqiKG9w8M8qWrXmyOeF8m0fAUkQjCk8Ls6ZGmfnlCI89kWX\/h2UWzI2xYG6MpvMepxtdCgVhQH+TsaMDhIKqJ4FDxxz2H3IqennmtAhTJ4d55DdplIK7FsSpH2zx9HM5BvU3iccUc2+Ocuiow+3f6MOL2wq89U4JrWHL1jyTrg7xx615drxRRAtEworv3ZXg1q9HexKIxwyClsJGEIFE3GDOV6O88prNm2+XEIHmFo977ojz6KokdUmDfnUm878Vw\/OEXXtLbNtewPUAEToKQiajSSQMLAv6RA0iEUXB1r2XoG\/SIBRSkPPPWgvFkpBKa1xPMA3FwSMOz27Js25NskJolqUYNTzAF68NoT3oW2vSr85keINF\/RCL668Nk4grApYiElFoTXeZuwn0iRr0iSpcVzBN\/yG7KDQMsRg0wKJvrUGy2mTKNSGikZ49P7C\/yYolCZpbPXI5IZPTZHIaz4Nt2wu0tHq0tmuGfsbioR9Wk4gZlQQiEcWcWVFSGU1drUFNlcG4K4JMmgDXTQwB0JHXcAlx27awYXOOPX8r4TiCXRQW3hZj7OgAO94oUir5L3qeUCwKidhFGQiHFJMnhjh20iWT0xw76RIOKaqrDNY\/7fuBXRQiYcWaH9Vw9bjKAep5guMI6YxGKf+cSmsScYNIWHW3pV30x3i\/OrOSgFKw\/XWbzc93oDWUysI3Z0eZPT3CkeMOHXlfnIMHmjiucPSEQ7LaJNZHsXtviTPnXO6cH6e2xuSlVwoYhmLi+CDtKa9iJpTKQkubZuSwizLQpQPX9QUSsBRt7Zq6WpPBAy0OHnGoiiu+uyhONqdZvTbNmJEBli2Os+6pLKfPuky\/PsKib8cYWm9RsH39rHksjV0UlPKNzDBURatXEKhLGgSDvhCV8m322EmHlcsTPPFMjglXhagfbPHzX6c50+gPLM+DaFjhuPDqX2wam1x+8v1qRg2z+NXjWQ4fczE77cE0YM6sKBOu+lf5KkZxstogYPlMlYJUWrN2fZb39pX52coabvlalCf\/kOPIcRfTVNhFIV8QapMmogXd+Z7W8N6+MrO+FGHGtLBPVMPUyWEWz4sRDqneCQxvCDBmVIAue+oi8dd3Sijln68ZHyJZY3Sf7aIwvMFiWH2AqdeFWLE0wbsflLj\/oRQv77S5e2GcRbfHmDQhyLIlcZLVlUbVww1PfOSyYVOO13bblMswZKDJqvuqOXTUYffeIku+E0drobHJo6baYPyVfjpb2zXaEw4dc\/n9xiyt7RrThMkTQ9xzR5xBA0zqkj2tusef5LB6i5\/eV8Wweott2wvcvTBOvqDZ\/EIH7SlNY3Oam74SJRJRnPioTDikKDuwfmOWXE7oyGvsomAYfine\/UeZs+c8Pje29xVDiUiJXv6Kyo5w6rRLwRYe\/EWa46d80XXlSwQcV1g6P86YkQFWr01TKkt3aQAMBfNujbF8Sbyi7heGMfA3lh4IBvz5Ho2o7pp3iVMpv1UtU9Ge8kjEO32kE1pfWnQX4ZyBvy5dEqOGB3j4Ab8DQiHfI7oCeFpobvV\/TKoSiqqE75AjhlrMuCHMvXcmeojuIuz52MWkCwVb2PKnPNteLdAnalCXNKipNvjsiAAzbohw8IhDJKyorTGIRv3x25tpXYBmYNFlrWauJ9KW8iSd9cS2tXifaiurXM3+78upkv\/tev4msIkL1vN\/AgXBE+fLVZjeAAAAAElFTkSuQmCC\" alt=\"\" style=\"width:60px;height:auto\"\/><\/figure>\n<\/div>\n\n\n\n<div class=\"wp-block-column is-layout-flow wp-block-column-is-layout-flow\">\n<p>  <a href=\"https:\/\/www.hamina.com\">https:\/\/www.hamina.com<\/a> Hamina Wireless cr\u00e9e des outils pour concevoir et analyser un moyen d&rsquo;am\u00e9liorer le Wi-Fi, la 5G priv\u00e9e et l&rsquo;IoT sans fil.<\/p>\n<\/div>\n<\/div>\n\n\n\n<div class=\"wp-block-columns is-layout-flex wp-container-core-columns-is-layout-9d6595d7 wp-block-columns-is-layout-flex\">\n<div class=\"wp-block-column is-layout-flow wp-block-column-is-layout-flow\">\n<figure class=\"wp-block-image size-large\"><img decoding=\"async\" src=\"https:\/\/wyebot.com\/wp-content\/uploads\/2021\/10\/wyebot-logo.svg\" alt=\"\"\/><\/figure>\n<\/div>\n\n\n\n<div class=\"wp-block-column is-layout-flow wp-block-column-is-layout-flow\">\n<p><a href=\"https:\/\/wyebot.com\/\">https:\/\/wyebot.com\/<\/a> D\u00e9couvrez le Wifi sans souci<br>L&rsquo;automatisation Wifi pilot\u00e9e par l&rsquo;IA est le moyen le plus simple d&rsquo;\u00e9liminer de mani\u00e8re proactive les probl\u00e8mes de performances Wifi pour que votre entreprise reste op\u00e9rationnelle.<\/p>\n<\/div>\n<\/div>\n\n\n\n<div class=\"wp-block-columns is-layout-flex wp-container-core-columns-is-layout-9d6595d7 wp-block-columns-is-layout-flex\">\n<div class=\"wp-block-column is-layout-flow wp-block-column-is-layout-flow\">\n<figure class=\"wp-block-image size-large\"><img decoding=\"async\" src=\"https:\/\/wd4u.fr\/wp-content\/uploads\/2022\/03\/metageek-2-e1647516507299.jpg\" alt=\"\"\/><\/figure>\n<\/div>\n\n\n\n<div class=\"wp-block-column is-layout-flow wp-block-column-is-layout-flow\">\n<p><a rel=\"noreferrer noopener\" href=\"https:\/\/www.metageek.com\/\" target=\"_blank\">https:\/\/www.metageek.com\/<\/a> MetaGeek fabrique les outils dont vous avez besoin pour maintenir les r\u00e9seaux Wifi<\/p>\n<\/div>\n<\/div>\n\n\n\n<div class=\"wp-block-columns is-layout-flex wp-container-core-columns-is-layout-9d6595d7 wp-block-columns-is-layout-flex\">\n<div class=\"wp-block-column is-layout-flow wp-block-column-is-layout-flow\">\n<figure class=\"wp-block-image size-large is-resized\"><img decoding=\"async\" src=\"https:\/\/www.trend-networks.com\/wp-content\/uploads\/2021\/02\/trend-networks-logo.jpg\" alt=\"\" style=\"width:224px;height:auto\"\/><\/figure>\n<\/div>\n\n\n\n<div class=\"wp-block-column is-layout-flow wp-block-column-is-layout-flow\">\n<p><a href=\"https:\/\/www.trend-networks.com\/fr\/\">https:\/\/www.trend-networks.com\/fr\/<\/a> Une gamme de testeurs qui se r\u00e9partie en trois cat\u00e9gories, les testeurs de c\u00e2bles cuivre et fibre, les testeurs r\u00e9seaux et les testeurs t\u00e9l\u00e9coms.<\/p>\n<\/div>\n<\/div>\n\n\n\n<div class=\"wp-block-columns is-layout-flex wp-container-core-columns-is-layout-9d6595d7 wp-block-columns-is-layout-flex\">\n<div class=\"wp-block-column is-layout-flow wp-block-column-is-layout-flow\">\n<figure class=\"wp-block-image size-large is-resized\"><img decoding=\"async\" src=\"https:\/\/lh5.googleusercontent.com\/p\/AF1QipNXbuuv0YM6uy43x9HIY3hKRkqIHZlGOVd2qejx=w243-h174-n-k-no-nu\" alt=\"\" style=\"width:155px;height:auto\"\/><\/figure>\n<\/div>\n\n\n\n<div class=\"wp-block-column is-layout-flow wp-block-column-is-layout-flow\">\n<p>Les solutions de capture et d&rsquo;analyse de r\u00e9seau de pointe de <a href=\"https:\/\/www.profitap.com\/traffic-capture-analysis\/\">Profitap<\/a> offrent une plate-forme robuste pour transformer la fa\u00e7on dont vous capturez le trafic et l&rsquo;utilisez pour g\u00e9rer et optimiser vos r\u00e9seaux.<\/p>\n<\/div>\n<\/div>\n\n\n\n<div class=\"wp-block-columns is-layout-flex wp-container-core-columns-is-layout-9d6595d7 wp-block-columns-is-layout-flex\">\n<div class=\"wp-block-column is-layout-flow wp-block-column-is-layout-flow\">\n<figure class=\"wp-block-image size-large is-resized\"><img decoding=\"async\" src=\"https:\/\/allegro-packets.com\/files\/layout_webseite\/img\/Logo_Allegro_Packets_ohne_Schutzraum.svg\" alt=\"\" style=\"width:233px;height:auto\"\/><\/figure>\n<\/div>\n\n\n\n<div class=\"wp-block-column is-layout-flow wp-block-column-is-layout-flow\">\n<p><a href=\"https:\/\/allegro-packets.com\/en\/\">ht<\/a><a rel=\"noreferrer noopener\" href=\"https:\/\/allegro-packets.com\/en\/\" target=\"_blank\">tps:\/\/allegro-packets.com\/en\/<\/a> Pour un d\u00e9pannage efficace avec les outils r\u00e9seaux d\u2019Allegro-packets : trouvez les erreurs en quelques clics ! Des sondes r\u00e9seaux ultra portables pour des analyses de 100Base-T \u00e0 100GBase-T. Monitoring Analysis Debugging Capturig 1G-100G Portable<\/p>\n<\/div>\n<\/div>\n\n\n\n<div class=\"wp-block-columns is-layout-flex wp-container-core-columns-is-layout-9d6595d7 wp-block-columns-is-layout-flex\">\n<div class=\"wp-block-column is-layout-flow wp-block-column-is-layout-flow\">\n<figure class=\"wp-block-image size-large is-resized\"><img decoding=\"async\" src=\"https:\/\/wd4u.fr\/wp-content\/uploads\/2022\/04\/garland.jpg\" alt=\"\" style=\"width:185px;height:auto\"\/><\/figure>\n<\/div>\n\n\n\n<div class=\"wp-block-column is-layout-flow wp-block-column-is-layout-flow\">\n<p><br>Vous ne pouvez pas s\u00e9curiser, ce que vous ne pouvez pas voir. La d\u00e9tection des menaces, les syst\u00e8mes de d\u00e9tection d&rsquo;intrusion (IDS) et les outils d&rsquo;investigation s&rsquo;appuient sur des donn\u00e9es de paquets compl\u00e8tes pour analyser correctement la protection du r\u00e9seau.<br>Les TAP r\u00e9seau garantissent les meilleures pratiques en mati\u00e8re d&rsquo;instrumentation de la visibilit\u00e9 des paquets pour les outils de surveillance hors bande.<\/p>\n<\/div>\n<\/div>\n\n\n\n<div class=\"wp-block-columns is-layout-flex wp-container-core-columns-is-layout-9d6595d7 wp-block-columns-is-layout-flex\">\n<div class=\"wp-block-column is-layout-flow wp-block-column-is-layout-flow\">\n<figure class=\"wp-block-image size-large is-resized\"><img decoding=\"async\" src=\"https:\/\/wd4u.fr\/wp-content\/uploads\/2022\/04\/ranplan.jpg\" alt=\"\"\/><\/figure>\n<\/div>\n\n\n\n<div class=\"wp-block-column is-layout-flow wp-block-column-is-layout-flow\">\n<p><a href=\"https:\/\/itnetworks.softing.com\/fr\/\">https:\/\/www.ranplanwireless.com\/gb\/<\/a> Un outil agile qui permet aux ing\u00e9nieurs RF de r\u00e9duire consid\u00e9rablement le temps n\u00e9cessaire \u00e0 la conception de r\u00e9seaux pour les environnements les plus difficiles n\u00e9cessitant une couverture omnipr\u00e9sente.<\/p>\n<\/div>\n<\/div>\n\n\n\n<div class=\"wp-block-group\"><div class=\"wp-block-group__inner-container is-layout-constrained wp-block-group-is-layout-constrained\">\n<p><\/p>\n\n\n\n<figure class=\"wp-block-image size-large is-resized\"><img loading=\"lazy\" decoding=\"async\" width=\"512\" height=\"512\" src=\"https:\/\/wd4u.fr\/wp-content\/uploads\/2020\/10\/cropped-LogWD4U.jpg\" alt=\"\" class=\"wp-image-355\" style=\"width:139px;height:auto\" srcset=\"https:\/\/wd4u.fr\/wp-content\/uploads\/2020\/10\/cropped-LogWD4U.jpg 512w, https:\/\/wd4u.fr\/wp-content\/uploads\/2020\/10\/cropped-LogWD4U-300x300.jpg 300w, https:\/\/wd4u.fr\/wp-content\/uploads\/2020\/10\/cropped-LogWD4U-150x150.jpg 150w, https:\/\/wd4u.fr\/wp-content\/uploads\/2020\/10\/cropped-LogWD4U-100x100.jpg 100w, https:\/\/wd4u.fr\/wp-content\/uploads\/2020\/10\/cropped-LogWD4U-270x270.jpg 270w, https:\/\/wd4u.fr\/wp-content\/uploads\/2020\/10\/cropped-LogWD4U-192x192.jpg 192w, https:\/\/wd4u.fr\/wp-content\/uploads\/2020\/10\/cropped-LogWD4U-180x180.jpg 180w, https:\/\/wd4u.fr\/wp-content\/uploads\/2020\/10\/cropped-LogWD4U-32x32.jpg 32w\" sizes=\"auto, (max-width: 512px) 100vw, 512px\" \/><figcaption class=\"wp-element-caption\">Partenaire Officiel<\/figcaption><\/figure>\n<\/div><\/div>\n\n\n\n<p><\/p>\n","protected":false},"excerpt":{"rendered":"<p>WD4U s\u2019appuie sur un r\u00e9seau de partenaires technologiques reconnus, \u00e9diteurs et constructeurs, afin de proposer des solutions performantes et durables. Nous vous garantissons un accompagnement expert et un haut niveau de service. https:\/\/www.netally.com Les testeurs filaires et Wifi NetAlly aident les ing\u00e9nieurs et techniciens r\u00e9seaux \u00e0 mieux d\u00e9ployer, g\u00e9rer et maintenir leurs r\u00e9seaux op\u00e9rationnels .Monitoring&hellip;&nbsp;<a href=\"https:\/\/wd4u.fr\/?page_id=253\" rel=\"bookmark\">Lire la suite &raquo;<span class=\"screen-reader-text\">Partenaires<\/span><\/a><\/p>\n","protected":false},"author":2,"featured_media":0,"parent":0,"menu_order":0,"comment_status":"closed","ping_status":"closed","template":"","meta":{"neve_meta_sidebar":"","neve_meta_container":"","neve_meta_enable_content_width":"","neve_meta_content_width":0,"neve_meta_title_alignment":"","neve_meta_author_avatar":"","neve_post_elements_order":"","neve_meta_disable_header":"","neve_meta_disable_footer":"","neve_meta_disable_title":"","footnotes":""},"class_list":["post-253","page","type-page","status-publish","hentry"],"_links":{"self":[{"href":"https:\/\/wd4u.fr\/index.php?rest_route=\/wp\/v2\/pages\/253","targetHints":{"allow":["GET"]}}],"collection":[{"href":"https:\/\/wd4u.fr\/index.php?rest_route=\/wp\/v2\/pages"}],"about":[{"href":"https:\/\/wd4u.fr\/index.php?rest_route=\/wp\/v2\/types\/page"}],"author":[{"embeddable":true,"href":"https:\/\/wd4u.fr\/index.php?rest_route=\/wp\/v2\/users\/2"}],"replies":[{"embeddable":true,"href":"https:\/\/wd4u.fr\/index.php?rest_route=%2Fwp%2Fv2%2Fcomments&post=253"}],"version-history":[{"count":50,"href":"https:\/\/wd4u.fr\/index.php?rest_route=\/wp\/v2\/pages\/253\/revisions"}],"predecessor-version":[{"id":1124,"href":"https:\/\/wd4u.fr\/index.php?rest_route=\/wp\/v2\/pages\/253\/revisions\/1124"}],"wp:attachment":[{"href":"https:\/\/wd4u.fr\/index.php?rest_route=%2Fwp%2Fv2%2Fmedia&parent=253"}],"curies":[{"name":"wp","href":"https:\/\/api.w.org\/{rel}","templated":true}]}}