{"id":258,"date":"2020-09-29T17:32:49","date_gmt":"2020-09-29T15:32:49","guid":{"rendered":"http:\/\/wd4u.fr\/?page_id=258"},"modified":"2024-09-24T14:13:03","modified_gmt":"2024-09-24T12:13:03","slug":"solutions-reseaux","status":"publish","type":"page","link":"https:\/\/wd4u.fr\/?page_id=258","title":{"rendered":"Nos solutions R\u00e9seaux"},"content":{"rendered":"<div class=\"wp-block-image\">\n<figure class=\"aligncenter size-large\"><img decoding=\"async\" src=\"https:\/\/allegro-packets.com\/files\/Startseite\/Banner_1010_3010.png\" alt=\"\"\/><\/figure>\n<\/div>\n\n\n<figure class=\"wp-block-table is-style-regular\"><table><tbody><tr><td><\/td><\/tr><tr><td>Pour automatiser l\u2019infrastructure des laboratoires ou maquettes gr\u00e2ce aux commutateurs niveau 1 (1\/10\/100 m\u00e9ga) \u00e0 128 G dans le m\u00eame ch\u00e2ssis.<\/td><\/tr><tr><td><a href=\"https:\/\/allegro-packets.com\/en\/\">https:\/\/allegro-packets.com\/en\/<\/a><\/td><\/tr><\/tbody><\/table><figcaption class=\"wp-element-caption\"><strong>Multim\u00e8tres r\u00e9seau Allegro 1010 et 3010 : des centrales \u00e9lectriques portables pour les infrastructures critiques<\/strong><\/figcaption><\/figure>\n\n\n\n<p>Allegro Packets, expert en analyse r\u00e9seau bas\u00e9 \u00e0 Leipzig, d\u00e9voile sa nouvelle gamme de produits : les s\u00e9ries 1010 \/ 3010, con\u00e7ues comme une alternative aux multim\u00e8tres r\u00e9seau Allegro 1000 \/ 3000, particuli\u00e8rement adapt\u00e9es aux infrastructures critiques.<\/p>\n\n\n\n<p>Le point fort des s\u00e9ries 1010 \/ 3010 r\u00e9side dans l&rsquo;int\u00e9gration d&rsquo;horodatages mat\u00e9riels, qui permettent une synchronisation et une mesure temporelle d&rsquo;une pr\u00e9cision nettement sup\u00e9rieure aux m\u00e9thodes logicielles traditionnelles. Cette avanc\u00e9e est cruciale dans des secteurs comme la gestion de l&rsquo;\u00e9nergie, les t\u00e9l\u00e9communications ou la finance, o\u00f9 une coordination rigoureuse des processus et une minimisation des retards sont essentielles. Cela garantit \u00e9galement un bon d\u00e9roulement des op\u00e9rations sensibles au facteur temps.<\/p>\n\n\n\n<p>\u00ab Avec le multim\u00e8tre r\u00e9seau Allegro 1010 \/ 3010, nous red\u00e9finissons les standards de pr\u00e9cision et de fiabilit\u00e9. L&rsquo;int\u00e9gration des horodatages mat\u00e9riels offre \u00e0 nos clients la possibilit\u00e9 de surveiller les processus critiques en temps r\u00e9el, tout en r\u00e9pondant aux plus hautes exigences de s\u00e9curit\u00e9. Nous jetons ainsi les bases d&rsquo;une infrastructure durable, \u00e0 une \u00e9poque o\u00f9 chaque milliseconde compte \u00bb, d\u00e9clare Klaus Degner, directeur g\u00e9n\u00e9ral.<\/p>\n\n\n\n<p><strong>La nouvelle s\u00e9rie Allegro 1010\/3010 en un coup d&rsquo;\u0153il :<\/strong><\/p>\n\n\n\n<ul class=\"wp-block-list\">\n<li><strong>Ports Ethernet<\/strong> : Chaque appareil est dot\u00e9 de 2 ports SFP28 avec horodatage mat\u00e9riel pour des connexions de 1\/10\/25 G, ainsi que de 3 ports 10\/100\/1000Base-T. La capacit\u00e9 des ports peut \u00eatre augment\u00e9e de 4 gr\u00e2ce \u00e0 une carte d&rsquo;extension r\u00e9seau, permettant une extensibilit\u00e9 jusqu&rsquo;\u00e0 400 Gbit\/s.<\/li>\n\n\n\n<li><strong>Base de donn\u00e9es en m\u00e9moire et m\u00e9moire tampon en anneau<\/strong> : L&rsquo;Allegro 1010 dispose de 16 Go de m\u00e9moire pour le traitement des donn\u00e9es historiques, tandis que l&rsquo;Allegro 3010 en offre 64 Go, avec une possibilit\u00e9 d&rsquo;extension jusqu&rsquo;\u00e0 256 Go. La taille de la m\u00e9moire tampon en anneau peut varier de 1 \u00e0 29,6 To, ajustable selon les besoins des utilisateurs.<\/li>\n\n\n\n<li><strong>Visibilit\u00e9 en temps r\u00e9el et statistiques compl\u00e8tes pour toutes les connexions<\/strong> : La s\u00e9rie 1010\/3010 permet une visibilit\u00e9 fine avec un filtrage s\u00e9lectif des paquets du niveau L2 \u00e0 L7. L&rsquo;analyse s&rsquo;effectue en temps r\u00e9el, et l&rsquo;interface graphique fournit des statistiques d\u00e9taill\u00e9es sur la qualit\u00e9 r\u00e9seau, les IP, MAC, VLAN, multidiffusion, QoS, TCP, TLS, RTP, Profinet, VoIP, HTTP, etc.<\/li>\n\n\n\n<li><strong>Une solution compacte et puissante<\/strong> : Avec un poids inf\u00e9rieur \u00e0 3 kg et une mallette de transport pratique, la s\u00e9rie 1010\/3010 est id\u00e9ale pour les administrateurs et techniciens travaillant dans les r\u00e9seaux centraux, les centres de donn\u00e9es ou les infrastructures des fournisseurs d&rsquo;acc\u00e8s internet.<\/li>\n<\/ul>\n\n\n\n<p>Tous les d\u00e9tails sur les nouveaux appareils peuvent \u00eatre trouv\u00e9s dans la&nbsp;<a href=\"https:\/\/allegro-packets.us16.list-manage.com\/track\/click?u=1ceaaa86ba51bce6d2b8b2789&amp;id=157eb23930&amp;e=2f799f4f88\" target=\"_blank\" rel=\"noreferrer noopener\">fiche technique<\/a>&nbsp;correspondante.<\/p>\n\n\n\n<figure class=\"wp-block-embed is-type-video is-provider-youtube wp-block-embed-youtube wp-embed-aspect-16-9 wp-has-aspect-ratio\"><div class=\"wp-block-embed__wrapper\">\n<div class=\"nv-iframe-embed\"><iframe loading=\"lazy\" title=\"How does the Allegro Network Multimeter work?\" width=\"1200\" height=\"675\" src=\"https:\/\/www.youtube.com\/embed\/VrclExWtW3o?start=27&#038;feature=oembed\" frameborder=\"0\" allow=\"accelerometer; autoplay; clipboard-write; encrypted-media; gyroscope; picture-in-picture; web-share\" referrerpolicy=\"strict-origin-when-cross-origin\" allowfullscreen><\/iframe><\/div>\n<\/div><figcaption class=\"wp-element-caption\">Comment fonctionne le multim\u00e8tre r\u00e9seau Allegro ?<\/figcaption><\/figure>\n\n\n\n<figure class=\"wp-block-embed is-type-video is-provider-youtube wp-block-embed-youtube wp-embed-aspect-16-9 wp-has-aspect-ratio\"><div class=\"wp-block-embed__wrapper\">\n<div class=\"nv-iframe-embed\"><iframe loading=\"lazy\" title=\"New Generation Allegro xx10 Series - Network Power Redefined\" width=\"1200\" height=\"675\" src=\"https:\/\/www.youtube.com\/embed\/BDLL-Ck9Eag?feature=oembed\" frameborder=\"0\" allow=\"accelerometer; autoplay; clipboard-write; encrypted-media; gyroscope; picture-in-picture; web-share\" referrerpolicy=\"strict-origin-when-cross-origin\" allowfullscreen><\/iframe><\/div>\n<\/div><figcaption class=\"wp-element-caption\">S\u00e9rie Allegro xx10 de nouvelle g\u00e9n\u00e9ration<\/figcaption><\/figure>\n","protected":false},"excerpt":{"rendered":"<p>Pour automatiser l\u2019infrastructure des laboratoires ou maquettes gr\u00e2ce aux commutateurs niveau 1 (1\/10\/100 m\u00e9ga) \u00e0 128 G dans le m\u00eame ch\u00e2ssis. https:\/\/allegro-packets.com\/en\/ Multim\u00e8tres r\u00e9seau Allegro 1010 et 3010 : des centrales \u00e9lectriques portables pour les infrastructures critiques Allegro Packets, expert en analyse r\u00e9seau bas\u00e9 \u00e0 Leipzig, d\u00e9voile sa nouvelle gamme de produits : les s\u00e9ries&hellip;&nbsp;<a href=\"https:\/\/wd4u.fr\/?page_id=258\" rel=\"bookmark\">Lire la suite &raquo;<span class=\"screen-reader-text\">Nos solutions R\u00e9seaux<\/span><\/a><\/p>\n","protected":false},"author":2,"featured_media":0,"parent":0,"menu_order":0,"comment_status":"closed","ping_status":"closed","template":"","meta":{"neve_meta_sidebar":"","neve_meta_container":"","neve_meta_enable_content_width":"","neve_meta_content_width":0,"neve_meta_title_alignment":"","neve_meta_author_avatar":"","neve_post_elements_order":"","neve_meta_disable_header":"","neve_meta_disable_footer":"","neve_meta_disable_title":"","footnotes":""},"class_list":["post-258","page","type-page","status-publish","hentry"],"_links":{"self":[{"href":"https:\/\/wd4u.fr\/index.php?rest_route=\/wp\/v2\/pages\/258","targetHints":{"allow":["GET"]}}],"collection":[{"href":"https:\/\/wd4u.fr\/index.php?rest_route=\/wp\/v2\/pages"}],"about":[{"href":"https:\/\/wd4u.fr\/index.php?rest_route=\/wp\/v2\/types\/page"}],"author":[{"embeddable":true,"href":"https:\/\/wd4u.fr\/index.php?rest_route=\/wp\/v2\/users\/2"}],"replies":[{"embeddable":true,"href":"https:\/\/wd4u.fr\/index.php?rest_route=%2Fwp%2Fv2%2Fcomments&post=258"}],"version-history":[{"count":13,"href":"https:\/\/wd4u.fr\/index.php?rest_route=\/wp\/v2\/pages\/258\/revisions"}],"predecessor-version":[{"id":987,"href":"https:\/\/wd4u.fr\/index.php?rest_route=\/wp\/v2\/pages\/258\/revisions\/987"}],"wp:attachment":[{"href":"https:\/\/wd4u.fr\/index.php?rest_route=%2Fwp%2Fv2%2Fmedia&parent=258"}],"curies":[{"name":"wp","href":"https:\/\/api.w.org\/{rel}","templated":true}]}}